12037. What is the remainder when l is divided by 193?
26
Let j(r) = -r + 8. Let o be j(-1). Suppose 5166 = -o*a + 72*a. Calculate the remainder when a is divided by 12.
10
Let r(u) = -12 + 0*u**2 - 12 + u**2 + 44*u - 4*u**2 + 52*u. What is the remainder when r(31) is divided by 48/14*(6 - -1)?
21
Suppose i - 36 = 25. Suppose -2*q + 26 = -0*q. Let n = q + 8. What is the remainder when i is divided by n?
19
Let n(o) = 8*o**2 + 28*o + 7. Let d be n(10). Suppose -10*q - 47 = -d. Calculate the remainder when q is divided by 45.
14
Let f(c) = c**2 - 81. Let q be f(19). Let v = q - 234. What is the remainder when 172 is divided by v?
34
Let d = -3683 - -3864. What is the remainder when 893 is divided by d?
169
Let c = 43 - 18. Let d(s) = 6*s**3 - 63*s**2 - 93*s - 91. Calculate the remainder when d(12) is divided by c.
14
Let b(t) = -t**3 - 15*t**2 + 17*t - 393. Calculate the remainder when 276 is divided by b(-18).
3
Let o be 22 + -54 - (0 - 2). Let q be o/(-6)*(1 - 0). Suppose 4*j + 5*u = 242, -u - 254 = j - q*j. What is the remainder when j is divided by 11?
8
Let f(t) = 11680*t - 105066. Suppose -4*a + 4*b = -17 - 11, 4*a + 4*b = 12. What is the remainder when f(9) is divided by a?
4
Suppose -2039 = -r - 4*v, -135*v + 136*v = -5*r + 10214. Calculate the remainder when r is divided by 57.
48
Suppose u = -u + 76. Let l = u - 17. Suppose -25473 = -520*a + 17687. Calculate the remainder when a is divided by l.
20
Let c(b) = b**3 - 4*b**2 + 6*b**2 - 4*b**2 - 2*b + 5. Let z(d) = -110*d + 4073. Let r be z(37). What is the remainder when 14 is divided by c(r)?
6
Suppose 3 = k - 2. Suppose 3*f + 6 = k*f. Let s = 2561 - 2543. What is the remainder when s is divided by f?
0
Let y(p) = 3*p**2 - 453*p + 6306. Calculate the remainder when y(13) is divided by 181.
19
Suppose -183 = 3*q + 321. What is the remainder when 32 is divided by (2 - q/16) + 2/4?
6
Suppose 3*i + 78 = 6*i. Calculate the remainder when 3/(-6)*1 + (-615)/(-6) is divided by i.
24
Let i be ((-4)/(-8))/((34/168)/17). What is the remainder when (30/(-4))/((-21)/i) is divided by 5?
0
Let l(k) = 128*k**2 - 63*k**2 + 10*k - 10 - 64*k**2. What is the remainder when l(-14) is divided by 13?
7
Let f = 24 - 14. Suppose 684 = 14*n - n + 5*n. What is the remainder when n is divided by f?
8
Suppose 4*d - i + 508 = 8666, 4*d - 8156 = 2*i. Calculate the remainder when d is divided by 104.
64
Let g = -13 - -300. Let r(w) = -5*w**2 - g - w + 287 + 10*w**2. Calculate the remainder when 84 is divided by r(-2).
18
Suppose 0 = 7*r - 26 - 2. Suppose -10 = -s + 3*y, 2*s - s - r = -3*y. What is the remainder when 27 is divided by (10/4 - 2)/(s/294)?
6
Suppose -141 = -27*d + 24*d. Suppose -3*h - 3*h = -834. What is the remainder when h is divided by d?
45
Let j be (-2)/(-3) + (-100)/(-3). Suppose 4*u - 248 = 5*f - 7, -4*u + 265 = 3*f. What is the remainder when u is divided by (j/3)/(6*(-2)/(-18))?
13
Let v be (-1)/(6 + 56/(-8)). Calculate the remainder when ((-578)/((-2)/v) - -5) + 1 is divided by 50.
45
Let c(z) = z**3 + 20*z**2 + 31*z - 67. What is the remainder when 10*(59/5 - 3) is divided by c(-18)?
19
Let s(p) = 10*p**2 + p + 2. Let u = 14 + -18. Suppose 3*v = 3*g - 111, 0 = 2*g - 830*v + 835*v - 95. What is the remainder when s(u) is divided by g?
38
What is the remainder when (-639 - 1)/(1210/(-1452)) is divided by 197?
177
Suppose 0 = -j + 116*j - 19861 - 10269. What is the remainder when j is divided by 36?
10
Let f be (-2)/(-6)*26091/(-13). What is the remainder when (-64)/48*f/2 is divided by 56?
54
Let x be 2/(-3 - (-1 + 3))*-10. Suppose 0 = -4*g + 6*g - x*r + 10, -r = 1. Calculate the remainder when (35*4/10)/((-2)/g) is divided by 26.
23
Let i = 776 - 1169. Let y = 426 + i. What is the remainder when y is divided by 5?
3
Suppose -19*i + 413 = -119. Let a be 6/15 - (-106)/10. Suppose 0 = 3*o - a - i. Calculate the remainder when 90 is divided by o.
12
Suppose -202*q - 272 = -206*q. Suppose -57*t + 53*t + q = 0. Let d = 236 + -137. What is the remainder when d is divided by t?
14
Let b = 4746 - 4701. Calculate the remainder when 284 is divided by b.
14
Suppose -3*p = -5*z + 63, 3*p + p + 2*z + 110 = 0. Let f(d) = -4*d**2 - 105*d - 1. What is the remainder when 6/21 - 320/(-7) is divided by f(p)?
21
Calculate the remainder when (-1)/(-8) - (6 + 553/(-56)) - -355 is divided by 121.
117
Let a(c) = -205*c + 2611. Calculate the remainder when a(9) is divided by 75.
16
What is the remainder when 327 is divided by ((-15)/(-6) + -1)/(12/520)?
2
Let c = 2265 - 1686. Calculate the remainder when c is divided by 32.
3
Let n = 148 + -68. Suppose 13*z = 375 + n. Suppose 5*a = -a + 1038. What is the remainder when a is divided by z?
33
Suppose 18*d = 13*d + 300. Suppose 2*r = 4*r - d. What is the remainder when r is divided by 24*(3 + (-18)/8)?
12
Let f = 6 + -1. Suppose -4*g = -f*g + 28. Suppose -2*v - g = -6*v. Calculate the remainder when 39 is divided by v.
4
Let q(b) = 2*b**2 + 5*b. Suppose 19 - 33 = -7*i. Suppose 2*r + 1 = 5*g, -5*g = 5*r - 3*g - 41. What is the remainder when q(i) is divided by r?
4
Calculate the remainder when (-1)/(1 + 605/(-604)) is divided by -18 - (-6855)/75 - (1 - (-126)/(-35)).
72
Let u(z) = -3*z. Calculate the remainder when -2676 + 2718 - (-354 + 1) is divided by u(-6).
17
Suppose 0 = 48*j - 14697 + 5145. Calculate the remainder when 300 is divided by j.
101
Suppose 3*x - a = -12840 + 45064, -5*x + 53686 = -12*a. Calculate the remainder when x is divided by 79.
77
Suppose 112 = 2*v + o + 18, 4*v - 5*o - 202 = 0. Suppose 5*t = -3*w + v, 5*w - 55 - 9 = -3*t. Calculate the remainder when 104 is divided by w.
5
Suppose -i - 3*k = 15, -3*i + 3*k - 81 = -0. Let p(g) = 2*g**2 + 44*g + 46. Calculate the remainder when p(i) is divided by 63.
16
Suppose -2*h + 56 = 6. Let u(j) = -35 + 2*j + 17 - 6*j + 9*j + 122. Calculate the remainder when h is divided by u(-18).
11
Let x = 72 - -199. Suppose -x = -2*v - 117. What is the remainder when v is divided by 28?
21
Let x = 90 + -86. Suppose 0 = -0*b + 2*b + h - x, -3*b - 3*h + 9 = 0. What is the remainder when b/(9/(-24) + (-5)/(-10)) is divided by 3?
2
Let l = -4393 - -4447. What is the remainder when 808 is divided by l?
52
Let p be 12/(-8)*(0 + -2). Suppose 5*v = p*v + 116. Let j = -32 - -47. What is the remainder when v is divided by j?
13
Let p(w) = 53*w - 9. Let o be p(1). Suppose -3*r - r = -4*b + 80, 0 = 2*b - r - o. Calculate the remainder when b is divided by 13.
11
Let c = 17 + 8. Let j = 475 - 113. Suppose -j = -5*d + o - 0*o, 4*o + 296 = 4*d. What is the remainder when d is divided by c?
22
Let k = 9 - 5. Suppose 178 = 2*x + k*d, -5*x + 2*x - 2*d + 275 = 0. Let m = 1555 + -1523. What is the remainder when x is divided by m?
29
Let q be (-12)/(-21) - 225/(-35). Let b = -24 - -36. What is the remainder when q*8/(-20)*-25 is divided by b?
10
Let z be ((-2)/(-2))/((-6)/12). Calculate the remainder when 123 is divided by 416/(-520)*55/z.
13
Let r(k) = -k**2 - 855*k + 5179. Suppose -103 = -2*q - 5*o + 407, -o - 998 = -4*q. Suppose -4*w - q = -602. Calculate the remainder when w is divided by r(6).
10
Suppose -3*g + 263 = 4*b, 0 = -b - 0*b - 3*g + 68. What is the remainder when 393 is divided by (b - 74)/(-1 + 0)?
6
Let t(i) = 2*i**2 - 29*i - 467. Let c be t(-11). Let u be 4/18 - (-650)/(-9). Let w = u + c. Calculate the remainder when 62 is divided by w.
18
Let r = 2071 - 2054. Calculate the remainder when 526 is divided by r.
16
Suppose -5*j + 75 = 5*r, 3*j + 3*r - 2*r - 49 = 0. Suppose 138 = 2*m + m. Calculate the remainder when m is divided by j.
12
Suppose -6*d = -680 - 730. Calculate the remainder when 237 is divided by d.
2
Calculate the remainder when 41 is divided by (-35)/(-1) - -11*(462/121 + -4).
8
Let x = 24 - 6. Let j(u) = -24*u**2 + 8*u - 27. Let z(i) = 14*i**2 - 4*i + 14. Let p(h) = 4*j(h) + 7*z(h). Calculate the remainder when p(6) is divided by x.
14
What is the remainder when 86 is divided by 228/45*10 - 1/(0 - 3)?
35
Let q(u) = -2 - 4 - 12*u + 0 - 2*u**2 + 4. Let d be q(-5). Let g(i) = 3*i - 8. What is the remainder when 62 is divided by g(d)?
14
Let c = -3506 + 3968. Calculate the remainder when c is divided by 56.
14
Let t(s) = s**3 - 5*s**2 + 6*s + 2. Suppose 17*g - 4*g = 78. Suppose -8 - 36 = -4*x. Calculate the re